git of c?
3
Let m(f) = 101*f**2 + 42*f - 379. What is the thousands digit of m(14)?
0
Suppose -23*j = -26*j + 1065. Let s = -192 + j. What is the units digit of s?
3
Let z = -29662 - -103709. What is the thousands digit of z?
4
Let s(u) = u**3 + 15*u**2 + 24*u - 24. Let f be s(-13). Suppose 4*a + 3*p - 4875 - 3433 = 0, -4*a - f*p + 8312 = 0. What is the units digit of a?
0
Suppose -124 = -2*g - k - 376, -4*g - 480 = -4*k. Suppose -4*o = 494 + 342. Let y = g - o. What is the tens digit of y?
8
What is the thousands digit of (6 - -28)/2*(1976 + -25)?
3
Let l(p) = p**2 - 5*p + 6. Let x be l(3). Let f(d) = d**2 - 2*d + 555. What is the hundreds digit of f(x)?
5
Let u = 29039 + -12889. What is the tens digit of u?
5
Let p(y) = 4*y**3 + 11*y**2 + 19*y - 5*y**3 - 152 + 311 - 144. Suppose -2*t + 3*t - 35 = -3*j, -4*j = -3*t - 51. What is the units digit of p(j)?
9
Suppose -27*w - 11459 = -28*w + 4*o, -3*w - 3*o = -34392. What is the tens digit of w?
6
Let i be 4556/(-11) - (-4 + (-84)/(-22)). Let m be (i/(-8))/(-5*18/(-240)). Suppose a = 5*j - 222, 7*a + m = 3*j + 4*a. What is the tens digit of j?
4
Let f be -3*((-2)/1 - 2). Suppose 0*c = -3*c + f. Suppose 3*x + c*x - 14 = 0. What is the units digit of x?
2
Let z = 57 + -58. What is the tens digit of -6008*z/11 - 12/66?
4
What is the ten thousands digit of 10974 - (12 + (5/10 - 52/8))?
1
Let b(j) = -4*j + 44. Let q be b(10). Suppose 5 = -r, -q*g = -5*g - 5*r - 18. Suppose 7*a = -g*a + 2422. What is the units digit of a?
3
Suppose 159 = 15*r - 111. Suppose r*t - 15686 = -4*t. What is the hundreds digit of t?
7
Let a(s) = -5*s**2 + s + 1. Suppose 0 = 3*t - 9. Let m be a(t). Let j = m + 53. What is the units digit of j?
2
Suppose -5*j + p + 5700 = -p, 3*p = 4*j - 4567. Let s = -533 + j. What is the tens digit of s?
0
Let s be (0/(-1 + 0))/(1*-1). Let v be 4/12*s/1. Suppose -5*w + l = -141, 3*w - 82 = -2*l - v. What is the tens digit of w?
2
Suppose 728*w - 731*w = -21750. What is the hundreds digit of w?
2
Suppose 8434 + 2605 = 39*i - 622. Suppose 5*l = -2*b - 73 + 874, 3*l = -4*b + 475. Let n = i - l. What is the units digit of n?
8
Let r be (69/(-12))/((-9)/36). Suppose 820 = -r*o + 7628. What is the hundreds digit of o?
2
Let q be (39/2)/(1*(-2)/(-4)). Let u = 48 - q. Let a = u + 82. What is the tens digit of a?
9
Suppose -8*w = 57476 - 157892. What is the tens digit of w?
5
Let z(o) = -o**3 - 2*o**2 + 18*o + 18. Let q be z(-5). Suppose 3*g = -3*v + 1821, -q*g - 7*v + 5*v + 1825 = 0. What is the units digit of g?
1
Suppose 5*y = 4*y - 5. Let n be -2 + (y*851)/(-5). Suppose 9*k = 42 + n. What is the units digit of k?
9
Suppose 19*d = 11*d + 10392. Suppose 0 = -9*a + 4434 + d. What is the tens digit of a?
3
Let t(m) = m**3 - 3*m**2 - 4*m + 3. Suppose 5*k + h - 9 = -h, -k - 12 = 5*h. Let b be t(k). Let u(a) = a**2 + 4*a + 22. What is the tens digit of u(b)?
6
What is the ten thousands digit of ((-86)/344)/((-2)/120136)?
1
Let i(q) = -4*q - 27. Let t be i(-7). What is the units digit of t/((-6)/26)*(-138)/23?
6
Let w be 0 - -4*(-12)/8. Let c be (-13)/(3/w - 4/(-6)). Let y = c - -187. What is the hundreds digit of y?
1
Let g = -16 - -21. Suppose g*h - 117 = -2*w, 2*h - 24 = h - w. What is the tens digit of h/(-2)*(-28)/14?
2
Suppose 12*p = 5*d + 8*p, 0 = 4*d + p. Suppose -w = 2*f - 349, w = -d*w - 5*f + 349. What is the hundreds digit of w?
3
Let x(d) = 3*d + 21. Let f be x(-5). Suppose -f*a = -8*a + 306. Suppose 3*k = -3*z + 216, -2*z + 2*k + a = 21. What is the tens digit of z?
6
Let h(i) = 11*i**2 - 4*i + 1027. What is the units digit of h(-78)?
3
Suppose -s - 2588 = -n, 3*n - 7729 = -0*n - 4*s. What is the hundreds digit of n?
5
Let n = 11253 + -4346. What is the units digit of n?
7
Suppose 46*t = 43*t + 135. Suppose -4*a + t*a = 55227. What is the units digit of a?
7
Suppose 3*n + v = -574, 0*n + 4*n + 772 = -3*v. Let f = n - -379. Suppose f - 9 = 5*g. What is the units digit of g?
6
Let x = -1543 - -2162. Let k = 902 - x. Suppose -3*m = -k - 62. What is the tens digit of m?
1
Let l be (9/2)/((-35)/10 + 4). Suppose -l*u + 1724 = -400. What is the units digit of u?
6
Let z = -19054 - -30699. What is the ten thousands digit of z?
1
Let y(c) = 9*c**2 + 62*c + 73. Let l be y(-25). Suppose 5*q = l + 1827. What is the hundreds digit of q?
1
Let k(l) = -2*l**2 - 8*l. Let w be k(-4). Let d be 4 + -6 + 4 - w/3. Suppose 2*y - m - 322 = 0, -4*y + d*y = -2*m - 320. What is the hundreds digit of y?
1
Let g(m) = 5*m**2 - 19*m + 7149. What is the ten thousands digit of g(115)?
7
Let h = 26794 + -18531. What is the thousands digit of h?
8
Suppose w - 4*w = 9, 0 = 4*g + 4*w - 12. Suppose -6*r = g - 6. What is the units digit of (r - (0 - 1)) + (19 - 3)?
7
Let o be -6*(5 + -2)*3/(-18). Suppose 27*y - o*y - 10896 = 0. What is the units digit of y?
4
Suppose 4*y - 87 + 3 = 5*h, -3*h + 36 = 3*y. Suppose y*r = 11*r + 580. What is the hundreds digit of r?
1
Suppose -50 = -4*a + 5*l - 19, 12 = -4*l. Suppose -5*z - g + 8 = -47, a*z - g = 53. Suppose -b + 4*c = -0*c - 99, 0 = -4*c - z. What is the tens digit of b?
8
Let q be (-1362)/10*(-30)/3. Let b = q - 667. What is the units digit of b?
5
Let p = -19 - -22. Suppose -p*c + 15 = 5*s, -4*c = -s + 5*s - 12. Suppose -4*a = -x - s*a + 3, 4*x - 33 = -3*a. What is the units digit of x?
6
Let l(x) = x**3 + 2*x**2 + 3*x + 2. Let a be l(-1). Suppose a = -8*w + 307 + 293. Suppose f - 30 = w. What is the hundreds digit of f?
1
What is the units digit of (-22)/341 + 1784680/155 + -1?
3
Let p = 276 - 86. Suppose -2*c + 604 = p. What is the units digit of c?
7
Suppose 5897 = 35*n - 2783. Let k = 362 - n. What is the hundreds digit of k?
1
Let q = 959 - 1816. Let w = q - -1804. What is the hundreds digit of w?
9
Let w = -9387 - -20334. Suppose -w = -10*l - 47. What is the hundreds digit of l?
0
Let t be (-4)/(-18)*3*3. Let z = 219 - 176. Suppose -5*o + z = -t. What is the units digit of o?
9
Let v = -10078 - -17661. What is the units digit of v?
3
Suppose 9*k = -20*k + 145. Suppose -d + 1894 = -2*f, 5*d - 3*d - 3788 = -k*f. What is the tens digit of d?
9
Let f be (-3 - 16/(-6))*(-2 + -4). Suppose f*c - 165 = 617. What is the tens digit of c?
9
What is the tens digit of (515775/1196)/((1 - 0) + 58/(-64))?
0
Let u be (-40166)/(-35) - (1 + (-7)/5). Let b = u + 104. What is the hundreds digit of b?
2
Let z = -1806 + 3579. Suppose 7*n - 1664 - z = 0. Suppose -n = 3*b - 5*b + q, 0 = b + 5*q - 218. What is the units digit of b?
3
Let f(s) = 6*s - 5. Let p(n) = 5*n - 4. Let j(c) = 6*f(c) - 7*p(c). Let z be j(5). Suppose 14*x = z*x + 660. What is the units digit of x?
0
Suppose 0 = -3*y - 9 + 57. Suppose o = 3*i + 12 + 2, 3*o - 3*i = 18. Suppose 3*k = o*f + 67 - y, 5*k + f = 98. What is the tens digit of k?
1
Suppose -8286 = -2*i + 1482 + 10138. What is the thousands digit of i?
9
Let h(o) = 23 + 6 - 232*o + 71*o + 3. What is the hundreds digit of h(-2)?
3
Suppose -17935 - 3881 = -18*s. What is the units digit of s?
2
Suppose 0 = 5*n - 3*f - 96488, 0 = -11*f + 7*f - 4. What is the tens digit of n?
9
Suppose 66090 = 4*d - 7*o + 6*o, -2*d - 4*o = -33072. What is the tens digit of d?
2
Suppose -4*p - 2*a + 6819 = 17687, 10880 = -4*p + 4*a. What is the units digit of (0 + -3 + 8)*p/(-15)?
6
Let q = -11365 - -17721. What is the thousands digit of q?
6
Let r = -1653 + 5011. What is the tens digit of r?
5
Suppose -2*l + 2*v + 102 = 0, -5*l + 10*l - 254 = 4*v. Let g = l + -47. Suppose -g*p + 7*p - 328 = 0. What is the tens digit of p?
8
Let y be (-1)/((-31)/(-133) - 16/56). What is the units digit of (y/2)/(4/632)?
1
Let i(o) = 34*o - 32. Let f be i(-11). Let r be (-2 - 1) + f/(-7). Let j = r + -33. What is the tens digit of j?
2
What is the tens digit of 455/325 - 88653/(-5) - -10?
4
Let b(x) = -x**3 - 13*x**2 + 8*x - 8. Let o be (-106)/(-8) - 8/32. Suppose o*c = 12*c - 14. What is the tens digit of b(c)?
7
Suppose 6*z - 120 = 8*z. Let d = 57 + z. What is the units digit of (194/d)/(16/(-24))?
7
Suppose -2*q + 5*q = 10*q - 55629. What is the tens digit of q?
4
Suppose 4*l - 53674 = -5*m + 3453, m - 11432 = -3*l. What is the hundreds digit of m?
4
Suppose 16 = -u + 18. Let g be (-2199)/(-12) - -2 - u/8. Let a = g - 110. What is the units digit of a?
5
Let l(k) = k**2 - k + 1. Let j(o) = 30*o + 18. Let